(-11). Calculate the greatest common factor of 2 and p.
2
Let w(k) be the second derivative of 5*k**4/12 + k**3/3 - 11*k. Let f be w(-3). Calculate the greatest common divisor of f and 26.
13
Let a(m) = 13*m**2 - 2*m - 1. Let l be a(-2). Let r(v) = -v + 13. Let q be r(8). Suppose -20 = w - q*w. Calculate the highest common factor of w and l.
5
Suppose 5*u + 5*s = 4 + 11, u = -2*s + 4. Suppose u*x - 575 = -3*x. What is the highest common divisor of 23 and x?
23
Suppose 3*p - 2 = 5*p, -4*h - 5*p = -435. Let m be (-8)/((-2)/(-6) - 1). Suppose 5*l + m = 62. What is the greatest common divisor of h and l?
10
Let x = -73 - -75. Let a be (0 + 1)/(2 - 1). What is the highest common factor of x and a?
1
Let h(u) = u - 10*u + 16 - 12*u + 2*u**2 + 5*u. Let f be h(11). Suppose 43 = 5*q - f. What is the highest common factor of q and 5?
5
Let p be ((-7)/(-14))/((-1)/(-14)). Suppose -11*y + 56 = -p*y. What is the greatest common divisor of y and 2?
2
Let g(i) = 2*i + 3*i - 3*i. Let b be g(4). What is the highest common factor of 72 and b?
8
Let c(q) = -q**2 + 9*q. Let h be c(4). Calculate the highest common divisor of h and 340.
20
Suppose -336 = -3*r - 5*g, -112 = 2*r - 3*r + 2*g. Suppose 1 - 13 = -2*w. Let m be r/w*(4 + -1). What is the greatest common factor of m and 8?
8
Let b(k) = 3*k + 31. Let f be b(8). What is the greatest common factor of 5 and f?
5
Let r(z) = -z**3 + 8*z**2 - 7*z + 5. Let x be r(7). What is the greatest common divisor of 20 and x?
5
Let a(p) = 7*p + 1. Let b(x) = x**2 + 4*x + 7. Let i be b(-5). Let c be 2*2*3/i. Let v be a(c). What is the highest common factor of v and 16?
8
Let b be (-4 + 3)/(-2 + 50/26). Calculate the greatest common divisor of 208 and b.
13
Let g(s) = 20*s**2 + s + 1. Suppose 0*z = -2*x + z, -5*x + 5*z + 5 = 0. Let q be g(x). What is the highest common factor of 5 and q?
5
Let n = -90 + 91. What is the highest common divisor of n and 7?
1
Let t = -12 + 13. Let m be (-3)/(t - (-87)/(-78)). Calculate the highest common factor of m and 182.
26
Suppose 3*n = -2*n + 35. Let k(b) = b**3 + 9*b**2 - b + 5. Let c be k(-8). Calculate the greatest common divisor of c and n.
7
Let f = -1 + 36. What is the greatest common factor of 210 and f?
35
Let p be 696/56 - 4/(-7). What is the greatest common divisor of p and 13?
13
Suppose -2*o = -3*r + 11, 4*r - 3*o - 11 = 4. Let w(u) = 33*u**2 - u - 1. Let h be w(-1). What is the greatest common divisor of h and r?
3
Let z be 0 - (-1 - 6 - -4). What is the greatest common divisor of 33 and z?
3
Let q be (8/(-10))/((-2)/5). Suppose 0*o - q*o = -30. Suppose 15 + 10 = 5*g. Calculate the highest common factor of o and g.
5
Let i be 18*-2*8/(-6). Suppose 28 = 4*o - 100. What is the greatest common divisor of o and i?
16
Suppose -3*m = 2*m - 85. Let s(n) = -7*n - 1. Let y be s(-5). Calculate the highest common divisor of m and y.
17
Let s be (-14 - -15) + 0 + 4. What is the highest common factor of 25 and s?
5
Suppose 6*b = 3*b + 108. What is the greatest common divisor of b and 9?
9
Let l = 8 - -21. Let j = l - -51. Calculate the greatest common divisor of 10 and j.
10
Suppose 0 = 2*v - 5*t - 50, 4*v - 17 - 83 = 3*t. Let f = v + -13. Let x be ((-1)/(-4) + -1)*-112. What is the highest common factor of x and f?
12
Let n(r) = 10*r + 2. Let o be n(0). Calculate the greatest common divisor of 8 and o.
2
Suppose 2*t + 2*p = -136, 3*t + 330 = -2*t + 5*p. Let u = 243 + t. What is the highest common factor of 22 and u?
22
Let a = -8 + 11. Calculate the greatest common factor of 21 and a.
3
Let g = -27 + 9. Let z = -60 + 87. Let h = z - g. What is the greatest common divisor of 5 and h?
5
Let r(b) = -3*b**3 + 5*b**2 - b - 2. Let u be r(3). Let c = u + 23. Let v = c + 68. Calculate the greatest common divisor of 10 and v.
10
Let i be 2/6 - (-224)/3. Let s be -3*5*(1 - 2). Calculate the highest common factor of s and i.
15
Suppose 0 = -5*p - 2*i - 3*i + 75, 0 = 2*p - i - 39. Let w = 26 - p. Calculate the highest common divisor of 24 and w.
8
Suppose -4*m + 250 + 30 = 0. Let r = m - -117. What is the greatest common factor of 17 and r?
17
Let r be 2/1 + (156 - 4). Calculate the greatest common divisor of 14 and r.
14
Suppose -3*k = 9 - 57. Suppose -r + 69 = -k. Calculate the greatest common divisor of r and 34.
17
Let f be 224/42 - 1/3. Suppose f*r = 89 + 36. What is the highest common factor of 275 and r?
25
Suppose -y + 8 - 2 = 0. Suppose -g + 3*g = y. Calculate the greatest common factor of g and 2.
1
Let n be (-8)/(-10)*(-45)/6. Let t = n + 6. Suppose -5*g + l + 18 + 3 = t, 3*g + l - 11 = 0. Calculate the highest common divisor of 4 and g.
4
Let a be ((-2)/(-4))/(1/14). Let t = a - 5. Calculate the highest common factor of t and 4.
2
Let j = 55 + -19. What is the greatest common divisor of j and 9?
9
Let z be (-2*(-65)/(-20))/((-2)/4). Calculate the greatest common divisor of z and 221.
13
Let f be (-62)/2 + 8/2. Let o be (-286)/(-6) - 9/f. Calculate the greatest common divisor of o and 12.
12
Let z(p) = -7*p**2 - 13*p - 1. Let l(r) = 3*r**2 + 7*r + 1. Let t(j) = 5*l(j) + 2*z(j). Let b be t(-10). What is the greatest common factor of b and 13?
13
Let f(y) = -3*y + 16. Let q be f(-8). Calculate the greatest common factor of 8 and q.
8
Let u(m) = m**2 + m - 9. Let y be u(-7). Let p be 4 - (2 + -2 + 1). Calculate the greatest common factor of p and y.
3
Let n be (8/10)/(4/1590). Let w = n - 164. Suppose -w = -3*b + 2*b. What is the greatest common factor of b and 22?
22
Let d = 7 + 6. Let o be (-5 - -1)*260/(-8). Calculate the highest common divisor of d and o.
13
Let w be (-2)/4 + (-168)/(-16). Suppose 2*n - 18 = -4*r, -3*n + 0*n + 23 = 4*r. Suppose r*l = -0*l + 10. What is the greatest common divisor of w and l?
5
Let q be (-6)/4 - (-24)/16. Suppose -2*y + 16 = 3*c, q*c + 4*c - 5*y - 52 = 0. What is the greatest common divisor of c and 8?
8
Suppose 2*w + 4*v - 8 = 0, w + 0*v - 22 = 4*v. Let s(g) = 3*g**2 + 2*g - 5. Let q be s(5). Calculate the greatest common divisor of q and w.
10
Let p(v) = 2*v**3 + 4*v**2 - v**3 - 6*v - 10 + 4. Let i be p(-5). Let t be ((-15)/6)/(i/2). What is the greatest common divisor of t and 2?
1
Let z = -114 + 144. Calculate the greatest common factor of z and 165.
15
Let c(o) = -7*o. Let z be c(-1). Let b(n) = -n**2 + 6*n + 7. Let y be b(7). Let k be (y + 2)*(-308)/(-8). Calculate the greatest common divisor of k and z.
7
Let a = 8 - 7. Let z be 1 + (-1 - (-112)/a). What is the greatest common divisor of z and 16?
16
Suppose -g + 40 = -2*d, d + 9 = g - 29. Suppose -92 = -4*k - 20. Let f be 20/(-6)*k/(-15). Calculate the highest common divisor of f and g.
4
Let l be 9/(-6)*64/(-6). Suppose l = 3*f - f. Let t = -2 + f. What is the greatest common factor of t and 15?
3
Let d(r) = r**2 - 2*r + 2. Let y be d(-4). Calculate the highest common factor of y and 104.
26
Suppose m + 0 = 6. Let c(w) = w**3 - 7*w**2 + 6*w + 3. Let o be c(m). What is the greatest common factor of 30 and o?
3
Suppose 4*j + 33 = k + 5, -4*j = -2*k + 56. Calculate the greatest common factor of k and 4.
4
Let k(p) = p**3 - 16*p**2 + 2*p + 4. Let b be k(16). What is the highest common divisor of 9 and b?
9
Let q = 45 + -21. Let u = -17 - -41. Let b = 40 - u. Calculate the greatest common factor of b and q.
8
Let y(m) = -m**3 - 24*m**2 + 21*m - 75. Let w be y(-25). Calculate the highest common factor of w and 125.
25
Let i = 55 - 100. Let s = i + 75. Let m = -14 - -89. What is the highest common factor of s and m?
15
Suppose -z + c = 3*z - 8, -5*c = 20. Calculate the highest common divisor of z and 3.
1
Let b(f) = 11*f**2 - f - 1. Let v be b(-1). Let d be 669/v + 8/44. Let c = d - 37. Calculate the highest common factor of c and 60.
12
Suppose -4*d = 3*c + 60, 8 = -5*d + 5*c - 32. Let i be 6/36 - 130/d. What is the greatest common divisor of i and 22?
11
Let n be 4/(-10) - 34/(-10). Let t be n/((-13)/(-10) + -1). Let f be 5/((-1)/(-1 + -2)). What is the greatest common divisor of t and f?
5
Suppose 3*g + 0*g = -p + 73, 5*g = 3*p + 103. What is the highest common divisor of 115 and g?
23
Let r = 76 + -13. Let s = r + -35. Suppose 53 = 3*q - s. What is the highest common divisor of 9 and q?
9
Let g = -8 - -71. Suppose -19 = 2*b - g. What is the greatest common divisor of 55 and b?
11
Let s(q) = q**2 + 